ndreds digit of u?
6
Let r(h) = -4*h - 94. What is the tens digit of r(-35)?
4
What is the units digit of (-3528)/(-33) + 6/66?
7
Let a be (-1032)/14 + (2/7)/(-1). What is the tens digit of (a/(-6))/(1/3)?
3
Let a = -12 + 37. Suppose -a = 5*d, 2 = -2*u + d + 19. What is the tens digit of (-81)/u*8/(-6)?
1
Let c(j) be the first derivative of j**4/12 - j**3/3 + 3*j**2 - 2*j - 2. Let l(n) be the first derivative of c(n). What is the units digit of l(3)?
9
Let o = 146 + -104. Suppose -o = -c - 0*c. What is the tens digit of c?
4
What is the tens digit of 102727/215 + (-1)/(-5)?
7
Suppose -5*b = 5*z - 120, -6*z + 2*z - 3*b = -97. Suppose -134 = -r + 4*v, 0 = -r - 2*v + 147 - z. What is the hundreds digit of r?
1
Let k(u) = -u**2 + 6*u + 2. Let a be k(7). Suppose -z - 3*z + 28 = 0. Let x = z + a. What is the units digit of x?
2
Let k(v) = 18 + 0*v + 30*v - 12. What is the tens digit of k(2)?
6
Let d(a) = 85*a**2 + a + 2. What is the hundreds digit of d(3)?
7
Let f(s) = -174*s - 133. What is the hundreds digit of f(-5)?
7
Let r = 2 + 1. Let c(l) = -r*l - 3*l - 4*l + 4*l - 6. What is the units digit of c(-8)?
2
Let x be 57/21 + -3 + (-5272)/(-28). Suppose -3*d = -13 - x. What is the tens digit of d?
6
Let q = -290 + 286. Let t(v) = v**2 + 5*v - 5. Let s be t(-6). What is the units digit of (s - 4)*(-9 + q)?
9
Let v(t) = 29*t + 3. Let b(p) = 14*p + 1. Let c(i) = -7*b(i) + 3*v(i). Suppose -5*o - w = 4*w + 5, -w = -5*o - 23. What is the units digit of c(o)?
6
Suppose 2*n = o + 932, -4*o = -2*n - 3*n + 2336. What is the units digit of n?
4
Suppose 26*z - 2516 = -v + 27*z, -2*v - 3*z + 5042 = 0. What is the hundreds digit of v?
5
Let x = -150 + 282. Suppose 4*m - x = 12. What is the units digit of m?
6
Let t be -1*(-7 + 2 - 0)*1. Suppose t*w = -3*w + 312. What is the tens digit of w?
3
Suppose -17*g + 2892 + 831 = 0. What is the hundreds digit of g?
2
Let b(q) = -q**2 - 3*q + 4. Let d be b(-4). Suppose -4*a + 12*a - 440 = d. What is the units digit of a?
5
Let y(c) = 219*c - 358. What is the thousands digit of y(15)?
2
Let t(j) = -j**2 + 1. Let x be t(1). Suppose -5*w - 8 - 12 = 0, x = 2*q - 2*w - 38. What is the tens digit of q?
1
Let o(j) = -18*j - 14 - 25*j - j**2 + 31*j + 4. What is the units digit of o(-9)?
7
Suppose 0 = 2*g - 5*s - 673, 0*s = -5*g + s + 1717. What is the tens digit of g?
4
Suppose -6*c + 8*c - 10 = 0. Suppose -2*f + 148 = -2*j, -f + c*j - 155 = -3*f. What is the tens digit of f?
7
Suppose 2*m = -0 + 2. Let b be (-3 + 0)/((-8)/96) + 5. What is the tens digit of b - (0 + m + 1)?
3
Suppose 3*y - 16 = -y. What is the tens digit of 53 - (3 + -1 - y)?
5
Let v = 13 + -14. Let w be ((-3)/(-6))/(v/46). Let s = 8 - w. What is the tens digit of s?
3
Let b = 29 + -22. Suppose -3*s - 4 = -b. What is the units digit of -3*s/9*-3?
1
Let p = -479 - -672. What is the hundreds digit of p?
1
Let q(u) = 14*u**2 + 42*u + 70. Let t(l) = 5*l**2 + 14*l + 23. Let f(d) = 4*q(d) - 11*t(d). What is the tens digit of f(-13)?
1
Let r(j) = -522*j + 13. What is the units digit of r(-3)?
9
Let h(l) = 356*l**3 - 14*l + 15. What is the tens digit of h(1)?
5
What is the hundreds digit of (-1)/(-2)*(-18 - -6) - -534?
5
Let y = -552 - -882. What is the tens digit of y?
3
Suppose -7*k + 3*k + 136 = 0. Let t = k + 18. What is the tens digit of t?
5
Let m be -2*(-1)/(1/4). Let b be m/(-20) + 4/10. Suppose p = 5*t + 56 - 12, p + 3*t - 20 = b. What is the tens digit of p?
2
Let b be (5 - -17)/(1 - -1). Let x = -4 + b. Suppose 0 = -5*h + x*h - 48. What is the tens digit of h?
2
Let g = 371 + -274. What is the units digit of g?
7
Suppose 5*k - 8*k + 14193 = 3*q, 2*q - 9462 = -k. What is the tens digit of q?
3
Let z = -5347 + 3402. What is the units digit of (-8)/14 - z/35?
5
Let b be 7 + (-3 + 0 - 1). Suppose c - 128 = -b*c. Let y = c + -20. What is the tens digit of y?
1
Suppose -8*f = 6*f - 16996. What is the hundreds digit of f?
2
Let o(f) = -f. Let c(n) = -8*n - 9. Let p(t) = -t**3 + 7*t**2 - 4*t + 10. Let l be p(7). Let j(x) = l*o(x) + 2*c(x). What is the units digit of j(13)?
8
Suppose 2*r = -5*a + 6, -4*a - r + 1 = -5. Suppose -a*g + 12 = 4. Suppose 2*x + 0*x + 5*w - 113 = 0, -184 = -4*x + g*w. What is the units digit of x?
9
Let o(m) = -4*m**3 - 10*m**2 + 19*m - 33. What is the hundreds digit of o(-10)?
7
Let r(o) = -8*o + 5. Let g(x) = -48*x + 34. Let u(v) = 48*v - 35. Let i(s) = -4*g(s) - 3*u(s). Let q(t) = -6*i(t) - 39*r(t). What is the units digit of q(3)?
3
What is the hundreds digit of (-17181)/(-36) + 2/(-8)?
4
Let z = 67 - 65. Suppose -z*k - 108 = -502. What is the hundreds digit of k?
1
Let t = -12 - -30. What is the units digit of t - ((2 - 4) + 2)?
8
Suppose 23*b = 12440 + 9341. What is the hundreds digit of b?
9
Let m be (134/(-8))/((-1)/16). Suppose -4*g + 6*j - 2*j = -m, 4*j - 187 = -3*g. What is the tens digit of g?
6
Suppose -3*n + 5*y = -15, -9 = -4*n + 4*y - y. Suppose n = -2*g, -7*g = p - 3*g + 4. What is the units digit of 1/(p/(-168)*3)?
4
Suppose w - 190 = -w. Suppose -w = -4*l + 153. Let a = 92 - l. What is the units digit of a?
0
Let y(g) = 2 + g**3 - 1 - 4 - 6*g + 2*g + 3*g**2. What is the units digit of y(-3)?
9
Suppose 0 = -3*m + 3 + 6. Suppose 73 = n - h, 0*h + m*h + 367 = 5*n. What is the tens digit of n?
7
Suppose -2*i = -5 - 1. Suppose -3*y - i*z = 33, 7*z - 71 = 5*y + 4*z. Let k = 2 - y. What is the tens digit of k?
1
Suppose -40 = -2*n - 32, 4*f - 3*n - 11816 = 0. What is the tens digit of f?
5
Let p be (-1 - 1)*(-374)/4. Suppose 22 = -4*a + 5*a + 5*d, 2*d + 2 = 5*a. Suppose -5*c + a*i + p = 0, -c = 4*c - 3*i - 183. What is the units digit of c?
9
Suppose 0 = 39*n - 22*n - 74035. What is the thousands digit of n?
4
Let a(u) = u**2 - 9*u + 4. Let x be (-370)/(-40) - (-2)/(-8). Let f be a(x). Suppose o = -3*c + 17, -3*c + f = 1. What is the units digit of o?
4
Let s be -8 + 15 - (1 - -1). Suppose 2*y = -s*y + 259. What is the units digit of y?
7
Suppose 0 = 272*d - 265*d - 2975. What is the tens digit of d?
2
Let j(u) = u**3 + 14*u**2 - u + 7. Let w be j(-14). Let d = w - -28. Let v = -29 + d. What is the tens digit of v?
2
Suppose -2*m = -6*m. Let y be (3 + -4 - m)*0. Suppose v - 3*v + 2 = y. What is the units digit of v?
1
Suppose -1604 = -33*p + 29*p. What is the tens digit of p?
0
Let a = 70 - -111. What is the units digit of a?
1
Let f be 2 - (2 - (5 + -2)). Suppose -n - 4*z = -30, n + f*n + z - 135 = 0. Let j = -16 + n. What is the tens digit of j?
1
Suppose -4540 + 108 = -8*p. What is the tens digit of p?
5
Suppose 30 = -3*c - 0*c. Let v(w) = -w + 10. Let t(l) = 1. Let q(o) = c*t(o) + 2*v(o). What is the tens digit of q(-10)?
3
Let p(x) = -5*x**3 - 13*x**2 - 18*x + 48. What is the units digit of p(-10)?
8
Let w = 5303 - 3722. What is the units digit of w?
1
Let n(q) = q**3 + 3*q**2 - 7*q + 1. Suppose 3*r - 22 = 5*z + 2*r, 3*z - 5*r + 22 = 0. What is the tens digit of n(z)?
1
Let y(l) = 60*l - 113. What is the tens digit of y(4)?
2
Suppose -3*b + 43 = -37*s + 41*s, 16 = s - b. What is the tens digit of s?
1
Suppose 3*s = g + 1743, -2*s + 6*g - 8*g = -1154. What is the tens digit of s?
8
Let l be (5/(-2) - -3)*-2. What is the units digit of ((-135)/(-3) - l) + 1?
7
Let x(d) = d - 4. Let o be x(4). Suppose o*l = 5*l - 500. What is the units digit of l?
0
Let h be 2/1*(-2 - -1). Let t = h + 15. Let l(n) = n + 15. What is the tens digit of l(t)?
2
Let v be (28/8)/((-3)/(-18)). Let s = -2 + v. Suppose j = 2*j - s. What is the units digit of j?
9
Let i(f) = f**2 + f - 1. Let w(n) = n**2 - 2*n - 4. Let x be w(-2). Suppose 2*u = -4*d - 3 + 9, 5*u = x*d - 55. What is the units digit of i(u)?
1
Suppose 0 = 2*f - 0*f - 4*d - 730, f - 5*d - 356 = 0. Suppose -9*h + 2*h + f = 0. What is the tens digit of h?
5
Let y(l) be the first derivative of -l**4/4 - l**3/3 + 5*l**2/2 + l - 1. Let t be y(-4). Let d = 4 + t. What is the units digit of d?
3
Suppose 2*a = -0*a + 6. Suppose 0 = 5*d + x - 0*x + 34, a*d - 5*x = 2. What is the tens digit of (-90 + 3)*2/d?
2
Let b(i) = i**2 + 6*i + 10. Let c be b(-6). Suppose v + 3*a = 2*v - 49, 2*a = c. What is the tens digit of v?
6
Let a(w) be the first derivative of -2/3*w**3 + 37*w + 2 + 1/4*w**4 + 1/2*w**2. What is the tens digit of a(0)?
3
Let d(t) = -58*t - 30. Let u be d(-4). Let s = u + -116. What is th